/10)*1. What are the prime factors of (34/(-3))/(2/v)?
17
Let n(z) be the first derivative of -4*z**4 - z**3 - 13*z**2/2 - 32*z - 168. What are the prime factors of n(-4)?
2, 3, 83
Suppose 0*w + 13*w - 104 = 0. Suppose 774 = w*s - 234. List the prime factors of s.
2, 3, 7
Let n be (2 - 0)/(-9 + 8) + -1. List the prime factors of ((-1256)/n + 3/(-1))*3.
29, 43
Let f(d) = 256*d**2 + 4*d + 5. Let z(b) = -b**3 + 5*b**2 + 7*b - 7. Let q be z(6). What are the prime factors of f(q)?
257
Let o = 47314 + -29425. List the prime factors of o.
3, 67, 89
Suppose -3*w + 5*n = -9117, -15*n = -2*w - 11*n + 6074. List the prime factors of w.
3049
Suppose f - 2*a = 3*a + 8864, 0 = -4*f + 2*a + 35492. Suppose 21*r - f = 4*r. What are the prime factors of r?
2, 3, 29
What are the prime factors of 581/(-22078) + (-575625)/(-38)?
2, 7, 541
Let j = -1115 + 1101. Suppose -93 = -5*v + 292. Let l = v + j. What are the prime factors of l?
3, 7
Suppose -4*a + 3*s = -16967, 0*s = -5*a - 5*s + 21165. List the prime factors of a.
2, 13, 163
Let s be (2/4)/(2/16). Suppose 7*o - s*o = 12. Suppose -2*c = -3*v - 2*v - 9, o*v - 4 = 0. List the prime factors of c.
7
Let z(p) = 0 - 18 - 832*p**3 - 2*p**2 + 828*p**3 - 16*p. What are the prime factors of z(-8)?
2, 5, 7, 29
Let h = -31952 + 47406. What are the prime factors of h?
2, 7727
Suppose 2*g + 24 = 2*h, 2*h - 1 - 27 = 3*g. List the prime factors of h/(((-6)/8)/(276/(-32))).
2, 23
What are the prime factors of 55147*1 + (-37 - (10 + -56))?
2, 13789
List the prime factors of ((-41925)/(-50) + (-2)/4)*(13 - -3).
2, 419
Let q be -93*(-16)/(-12)*1. Let u = q - -180. Suppose 0 = j + j - u. What are the prime factors of j?
2, 7
Let d = -1110 + 1769. What are the prime factors of d?
659
Let s be 1/((-4)/(-888)) - (-5 + 1). Let t = s - 83. Let g = t + 13. List the prime factors of g.
2, 3, 13
Let f = -7412 + 31369. List the prime factors of f.
23957
Let m(p) = 3*p**2 + 33*p - 15. Let c be m(-24). Suppose c = 28*u - 25*u. What are the prime factors of u?
307
Suppose -a + 6 = -9. Suppose -o + 5*w + 28 = 0, -3*w - a = -0*w. Suppose -o*z + 217 = g, 3*g + 0 + 6 = 0. List the prime factors of z.
73
Let o be (-22)/(-77) + 6/(-21). Suppose -c = -g + 67, -3*g - 7*c + 8*c + 205 = o. What are the prime factors of g?
3, 23
Suppose -5*o + 2*o + 1311 = 2*g, g + 2198 = 5*o. Let p = o - 341. What are the prime factors of p?
2, 7
Let r = 17 - -293. Suppose -f - 5*m = -219, 0 = -f - 4*m - 95 + r. List the prime factors of f.
199
Let d(c) = -556*c + 18. Let g be d(-3). Let o = g + -1201. What are the prime factors of o?
5, 97
List the prime factors of (45 + 18)*((-88)/18)/(6/(-288)).
2, 3, 7, 11
Let n = -2 + 5. Let h(v) = v**3 - 14*v**2 - 7*v + 56. Let g be h(14). What are the prime factors of 56/g + 187/n?
61
Let m(n) = n**2 + 32*n - 38. Let b be m(-34). What are the prime factors of (8/b)/(-2) - (-1774)/30?
59
Suppose 0 = -25*n + 523 + 577. List the prime factors of n.
2, 11
Let h(a) be the second derivative of -21/20*a**5 - 1/12*a**4 - 3*a + 0 - a**2 - 1/6*a**3. What are the prime factors of h(-2)?
2, 41
Suppose -12*d + 41 = -31. List the prime factors of -6*(-668)/d*57/76.
3, 167
Suppose 1228 = -123*j + 119*j. Let p = j - -408. What are the prime factors of p?
101
Let r(y) = 3*y**2 + 71*y + 36. Let d be r(-24). What are the prime factors of 53599/195 + 8/d?
5, 11
Let r = -202 - -204. Suppose r*d = -11 + 3, 5*d = 3*m - 1196. What are the prime factors of m?
2, 7
Suppose -39*n + 3100 = -139*n. Suppose -z - 244 = z + 2*v, 6 = -3*v. Let o = n - z. What are the prime factors of o?
89
Let v(u) = 9*u + 120. Suppose -516 = -19*y - 3. What are the prime factors of v(y)?
3, 11
Let l = 61119 + -41051. What are the prime factors of l?
2, 29, 173
Let z be (12/(-15))/(-1*6/15). Suppose v = -3*g - 2*v + 366, 6 = z*v. What are the prime factors of g?
7, 17
Let a be (-1 - 1) + 1435/(-7). Let t = 222 + a. List the prime factors of t.
3, 5
List the prime factors of ((2 - 12)/2)/(-3 + 182974/60995).
5, 1109
Suppose -5*u + 2*j + 4 = 0, 3*u - 7 = u - j. Suppose 3*d + 2*v + 534 = -d, -2*v + 252 = -u*d. Let z = d - -202. List the prime factors of z.
71
Suppose 2*k - 12 = -u, -k + 4*k = -5*u + 46. Suppose -2*t - 3 = -5*t. What are the prime factors of t/u + (-3 - (-861)/24)?
3, 11
Suppose -18*p + 22*p = -f + 1267, -5*p = 5*f - 1580. Let k = 937 - p. What are the prime factors of k?
2, 5, 31
List the prime factors of (-16)/(832/(-13)) - (-30094)/8.
2, 3, 11, 19
Let v(m) = m**3 + 15*m**2 - 3*m + 13. Let j be v(-14). Let o(k) = j*k - 16 - 10 - 234*k. List the prime factors of o(7).
3, 31
Let j(d) = 10*d + 8*d - 4 - 10 + d**3 + 20 - 15*d**2. Let x = 8 - -6. What are the prime factors of j(x)?
2, 31
Suppose 2*u - 98 = -w, -18 = 3*u - 2*w - 165. Let x = u - 45. Suppose -x*i = 5*p - 228, -191 = -5*i + 3*p + 94. List the prime factors of i.
3, 19
Let a be -4 + 1 - (-1 + -537 - -4). Let y = a + -155. What are the prime factors of y?
2, 47
Let y(g) = g**3 - 8*g**2 + 11*g - 7. Let b be -1*1*(-8 + 1). Let t be y(b). Let z = t - -1. List the prime factors of z.
2, 11
Let q = 1923 + -639. Suppose -7*z - 354 = q. What are the prime factors of (1 + -3)*z/12?
3, 13
What are the prime factors of 2/(14/4*8/(-2058504)*-12)?
12253
Suppose 10*k + 3*k = 20*k. Suppose k = 2*p - 4, -2*p = 31*s - 27*s - 1668. List the prime factors of s.
2, 13
Suppose 0 = -x + 2*x - 185. Let i be (-4)/10*(-1 - 254). Let f = x - i. List the prime factors of f.
83
What are the prime factors of 1741*-1*-7 + -45*36/(-324)?
2, 3, 127
Let d(n) = -348*n**2 - 87*n + 20. Let h(u) = 116*u**2 + 30*u - 7. Let t(i) = -6*d(i) - 17*h(i). List the prime factors of t(3).
13, 83
Let w = 2106 + 18577. List the prime factors of w.
13, 37, 43
Suppose 6 = g + 2. Suppose -u - 4 = 0, 0 = g*s + 2*u + 87 + 437. Let c = s + 242. List the prime factors of c.
113
Let g be (-418)/(-18) + 2/(-9). Let d be (25 - g) + 273/1. Let y = -62 + d. List the prime factors of y.
3, 71
Let u = -212217 + 298412. List the prime factors of u.
5, 17239
Let v be -1 + -3 + 0 + 143. Let l be 6 - 245/(-10) - (-1)/(-2). Let m = l + v. What are the prime factors of m?
13
Let m = 110 + -148. Let k(l) = l**2 + 21*l + 40. List the prime factors of k(m).
2, 7
Let f(m) = -m**2 + 28*m + 131. Let a be f(32). Suppose -4*v - 1924 = -8*v - 4*b, v = a*b + 497. What are the prime factors of v?
5, 97
Suppose -21 = -4*b - 3*i, -2*i = -4 - 2. Let s be (-18)/(-8) - b/(-4). What are the prime factors of (43 - 1)*(s - (2 + 0))?
2, 3, 7
Let d = -20252 + 29060. Suppose -2*f = -y - 5870, 2*y = 3*f - y - d. What are the prime factors of f/21 + (-2 - (-48)/21)?
2, 5, 7
Suppose 3*t + 4*y = 209917, 4*t + 7*y - 279831 = -10*y. What are the prime factors of t?
7, 13, 769
Suppose 45*f = 48*f + 69. Let u = 7 + f. Let j = 12 - u. List the prime factors of j.
2, 7
Suppose 0 = 2*x + 3*p + 461, -4*x - p - 773 = 154. Suppose -14*b - 942 = -7690. Let w = x + b. What are the prime factors of w?
2, 5
Suppose 0*p + 288 = 4*h + 2*p, 4*h - 5*p - 288 = 0. Let i be (-2 - 2)*h/(-16). Suppose -m = -i - 39. List the prime factors of m.
3, 19
Let v(w) = w**3 + 2*w**2 + 20. Let i be v(-3). Suppose -i*y = -3*y - 568. List the prime factors of y.
71
Suppose 0 = 2*i - 2*m + 28, -4*i - 4*m = 65 + 15. Let s(g) = 8*g**2 + 87*g + 16. What are the prime factors of s(i)?
3, 283
Let n = 8201 + -1035. List the prime factors of n.
2, 3583
Let m(j) = 5*j**2 - 133*j - 37. What are the prime factors of m(32)?
827
List the prime factors of 91947/5 - (-224)/140.
53, 347
Let b(u) = 278*u**2 - 40*u - 1065. What are the prime factors of b(-14)?
37, 1459
Let y be 12/(6 - 645/108). Let h = y + -273. List the prime factors of h.
3, 53
Suppose -11*m + 6*m + 125 = 0. Suppose a + 4*a = m. Suppose d + 4*h = 2*h + 10, a*d + 2*h - 42 = 0. What are the prime factors of d?
2
Let p(m) = 3*m**3 - 5*m**2 - 5*m - 17. Let v be p(7). Suppose -c = 2*s - v, 10*c + 4*s = 7*c + 2204. List the prime factors of c.
2, 5, 37
Suppose 6*l + 7*l = -21944. Let f = l + 2384. What are the prime factors of f?
2, 3, 29
Let l(a) = 13*a**3 - 41*a**2 - 38*a + 356. What are the prime factors of l(14)?
2, 5, 1373
Let p be 1300 + 9 + 0/(-2). Let y = p + -881. What are the prime factors of y?
2, 107
Let z(q) = -21*q + 5. Let g = -10 + 13. Suppose -g*c = 2*u + 4, -2*c 